 + 14. What is the greatest common divisor of 24 and v?
24
Let t(r) be the first derivative of r**4/4 + 3*r**3 + 7*r**2/2 + 6*r - 6. Let x be t(-6). Calculate the highest common divisor of 18 and x.
18
Let d = 42 - 42. Let t = d + 8. Calculate the greatest common divisor of 20 and t.
4
Let h(x) = -x**3 - 5*x**2 - 5*x - 1. Let p be h(-2). Let c be (p + 0 + 4)*7. Calculate the highest common divisor of 91 and c.
7
Let u(r) = -r**3 - 6*r**2 - 5*r. Let o be u(-6). Suppose o = m + 2*m. What is the greatest common divisor of m and 4?
2
Suppose f = 2*f - 52. Let k be 0/(-16) - (10/1 - 1). Let q = 35 + k. Calculate the greatest common divisor of q and f.
26
Let z = 11 - 11. Let b be (-7 + 3 + z)*-1. Suppose 2*q - 5*y = 19, -4*y - 36 = 4*q - 88. What is the greatest common divisor of b and q?
4
Let i(o) be the first derivative of -21*o**4/4 + 4*o**3/3 + 7*o**2/2 + 6*o + 7. Let h be i(-2). Calculate the highest common factor of 16 and h.
16
Suppose -4*m + 142 = o - 39, -3*o = 3*m - 129. Let v = m - 0. Calculate the greatest common factor of v and 230.
46
Suppose 44*k + 18107 - 55111 = 0. Calculate the highest common divisor of k and 29.
29
Suppose -2*q = 4*h - 228, h + 2*q - 63 = -0*q. Let k(p) = p + 25. Let l be k(-14). Calculate the greatest common factor of l and h.
11
Let b be (-5)/(7 - 6) + 11. Calculate the greatest common factor of 84 and b.
6
Let r be 25/10*(152/20 - 6). Calculate the highest common factor of 88 and r.
4
Let x be 0 - 0 - -2 - -11. Let z = x + 1. Suppose 24*s = -945 + 1647 + 2322. What is the greatest common factor of z and s?
14
Suppose -6*j + 4*j = -8. Let d(r) = 2*r**2 - 3*r - 2. Let u be d(j). Calculate the greatest common factor of 63 and u.
9
Suppose 57*t - 56*t - 2 = 0. Let a = 2 - 0. Calculate the highest common factor of a and t.
2
Suppose 0 = -4*a + 3 + 33. Let w(n) = 6*n - 30. Let r be w(a). What is the greatest common divisor of r and 96?
24
Let y = -24 + 14. Let n = -6 - y. Let j(c) = -c**2 - 10*c + 11. Let s be j(-9). What is the highest common factor of s and n?
4
Let d be (183300/400)/(3/8). Calculate the greatest common factor of d and 52.
26
Suppose -31 = 2*g - 101. Suppose 5*h - 30 = g. Calculate the highest common factor of 91 and h.
13
Let l = 536 + -303. Suppose 6*d = -3*p + d + 218, -3*p - 2*d + l = 0. Calculate the greatest common factor of p and 9.
9
Let q = 215 + -110. Let n be 12/15 + q/25. What is the highest common factor of n and 5?
5
Let w = 7 - 5. Suppose 95 - 29 = w*y. Suppose -47 = -11*o + 7*o - r, -61 = -5*o - 2*r. What is the highest common divisor of o and y?
11
Let l be 11*(-2)/(-2)*(-18)/(-6). Let i be (-62)/6 - (-6)/(-9). Let h = i + l. What is the greatest common divisor of 66 and h?
22
Suppose 1122 + 955 = 31*f. What is the greatest common divisor of 1809 and f?
67
Let r(w) = w**3 - 18*w**2 - 3*w - 45. Let j be r(20). Let n = j - 455. Calculate the highest common divisor of 30 and n.
30
Let q be ((-1927)/(-94))/(2/20). Calculate the greatest common divisor of q and 5.
5
Let c = 28 - 15. Let b = 3955 + -3591. What is the greatest common divisor of b and c?
13
Let b = 131 - 124. Suppose -b*f + 36 = -4*f. What is the greatest common divisor of f and 132?
12
Let i = -1261 - -1272. Calculate the greatest common divisor of 3157 and i.
11
Let x be 9/3 - (-3 - -3). Suppose -5*i + 4*i = 5*p + 15, -x*i = 4*p + 12. Suppose i = f - 2*f + 3. Calculate the greatest common factor of f and 15.
3
Suppose -71 = -2*f + 27. Let o = f + 23. Let j(i) = -3*i - 6. Let y be j(-5). Calculate the highest common divisor of y and o.
9
Let y = -708 + 912. Calculate the greatest common factor of y and 36.
12
Let t = -101 - -169. Suppose t = 9*h - 4. Let o(x) = -x**3 + 6*x**2 - 4*x + 3. Let i be o(5). Calculate the highest common divisor of i and h.
8
Suppose 3*d - 599 = -k + 309, -3*k - 286 = -d. What is the greatest common divisor of d and 14?
7
Let n(b) = 2*b**2 - 10*b - 2. Let s be n(5). Let y be 1/s + 67/2. Calculate the greatest common divisor of y and 99.
33
Let j(u) = -u**2 + 3*u - 1. Let w be j(3). Let f(x) = -x**2 - 2*x - 1. Let r be f(w). Suppose r*z + 52 = 2*z. What is the greatest common factor of z and 65?
13
Suppose s + 0*s - 6 = 0. Suppose -4*y = 5*z - 45, 5*z = -5*y - s + 66. Calculate the highest common divisor of y and 3.
3
Suppose 243*s + 7680 = 251*s. What is the greatest common divisor of s and 15?
15
Let b = 1274 - 1238. What is the greatest common factor of b and 9?
9
Let g be ((-4)/5)/((-3)/1530). Calculate the greatest common factor of g and 51.
51
Suppose -1564 = -211*a + 207*a. What is the greatest common factor of 17 and a?
17
Let i be (76 - 1)/((-11)/(-22)). Suppose 0*o = -2*o - 86. Let f = o - -103. What is the greatest common divisor of f and i?
30
Suppose -19*c + 15081 - 4593 = 0. What is the highest common factor of 690 and c?
138
Let l(z) = z**3 + 10*z**2 - 11*z + 28. Let j be l(-11). What is the highest common factor of j and 28?
28
Suppose 4*w + x - 18 = 0, -5*x = -2*w - 3*w + 10. Suppose -12 = -w*u + u. Calculate the greatest common factor of u and 4.
4
Let f be -12*(20/12 - 2). Suppose -22 = -z - 0. Suppose z = f*y - 78. What is the greatest common factor of y and 25?
25
Let o be (550/(-75))/((-4)/6). Suppose -2*v + 22 = -0*v. Calculate the highest common factor of o and v.
11
Suppose -12*u + 8*u = 0. Suppose -99 = -u*g - 3*g. Calculate the greatest common divisor of 11 and g.
11
Let h(z) = -13*z**2 - 70*z + 55. Let t be h(-6). Suppose 3 = -3*w + 24. What is the highest common factor of t and w?
7
Let z(v) be the third derivative of v**6/120 + 13*v**5/60 + 13*v**4/24 + v**3 - 3*v**2. Let s be z(-7). What is the highest common factor of 19 and s?
19
Let s(o) = -o**2 + 20*o - 25. Let d be s(19). Let q be d/(-4)*900/54. What is the greatest common factor of 275 and q?
25
Let m be (3 + -4)/(3/120). Let d be 2/(-9) + m/(-18). Suppose 5*n = 3*c - 4*c + 63, 0 = 3*n + c - 39. Calculate the highest common divisor of n and d.
2
Suppose -8 - 12 = -10*c. Calculate the highest common divisor of c and 2.
2
Suppose -44*l - 42 = -41*l. Let u be ((-992)/(-56) + (-4)/l)*10. What is the highest common divisor of u and 60?
60
Let u be (-2)/(-8) - 412/(-16). Let x(y) = -y - 6. Let q be x(-3). Let w be 26*q/(-18)*3. What is the highest common factor of u and w?
13
Suppose 0 = -202*u + 207*u - 4*o - 35, 2*o = 5*u - 35. Let h(t) = -t**2 + t + 63. Let v be h(0). Calculate the highest common factor of v and u.
7
Let v be 273/(6 - 105/20). Calculate the highest common divisor of v and 260.
52
Let t = -19 - -15. Let u be 6/(-8)*t + 0. Suppose u*p - p = 504. Calculate the greatest common factor of 28 and p.
28
Let w = 8 - 6. Suppose -9 = -6*s + 3*s. Suppose -s*y - 6 = -4*y. Calculate the greatest common divisor of y and w.
2
Suppose 0 = -r - 0*r - 5*g + 29, 2*g - 20 = -r. Let v = r - 10. Suppose 7*h - 3*h - 13 = a, v*h - 4*a = 16. Calculate the greatest common factor of 30 and h.
3
Suppose i + 0*i - 184 = 0. Let g = i + -86. Calculate the greatest common divisor of 14 and g.
14
Let d(x) = x**3 + 7*x**2 + 4*x - 2. Let v be d(-5). Suppose 39 = 3*q + 4*j - 13, -q = -4*j - v. Calculate the greatest common divisor of q and 180.
20
Suppose -187 + 287 = 4*g. What is the greatest common factor of 25 and g?
25
Let k be 2*(25 - 0) - (4 - 3). Let m = k - 39. Calculate the highest common factor of 10 and m.
10
Suppose -c - 3*c - 112 = 0. Let h = 31 + c. Calculate the greatest common divisor of 12 and h.
3
Let x(u) = 172*u - 28. Let p be x(4). What is the highest common divisor of 60 and p?
60
Let a = -5 + 12. Let j = -1485 - -1534. Calculate the highest common factor of a and j.
7
Suppose -5*z + 53 = -2. Suppose 16*k - 817 = 52*k - 3589. What is the greatest common factor of z and k?
11
Suppose -r + 5*b = 15, -r + 3*b - 7*b = -12. Let k(v) = -v**2 - v + 14. Let d be k(r). What is the highest common divisor of d and 70?
14
Let s be 3/9*213 - 3. Let y be 285/(-12) - (-5)/(-20). Let x = y - -41. What is the greatest common divisor of s and x?
17
Let n be 3/4 - (-1)/4. Suppose 140*i = -78 + 1618. Calculate the highest common factor of n and i.
1
Suppose -a + 4 = 2*l - 48, 0 = 5*l - a - 116. What is the greatest common divisor of 10 and l?
2
Suppose -2*v + 12 = -t + v, -v = t + 12. Let w be t*(2 + 18/(-8)). Suppose q + w*